s 38148 a multiple of 187?
True
Does 35 divide 46?
False
Does 5 divide 72?
False
Is 1448 a multiple of 15?
False
Is 2324 a multiple of 40?
False
Is 575 a multiple of 16?
False
Does 34 divide 3689?
False
Is 77 a factor of 1078?
True
Is 84 a factor of 67085?
False
Does 44 divide 1012?
True
Is 1088 a multiple of 8?
True
Does 6 divide 2733?
False
Is 822 a multiple of 16?
False
Is 44 a factor of 262?
False
Is 3 a factor of 28?
False
Does 62 divide 5518?
True
Does 37 divide 1546?
False
Is 1639 a multiple of 85?
False
Is 79 a factor of 47084?
True
Does 9 divide 1650?
False
Is 104 a factor of 104?
True
Is 84070 a multiple of 35?
True
Is 3258 a multiple of 18?
True
Is 6 a factor of 91?
False
Is 1079 a multiple of 13?
True
Is 171 a multiple of 2?
False
Does 73 divide 1441?
False
Does 156 divide 338?
False
Is 57445 a multiple of 79?
False
Is 12 a factor of 3372?
True
Is 30638 a multiple of 157?
False
Does 4 divide 47?
False
Does 26 divide 8647?
False
Does 9 divide 54?
True
Is 25 a factor of 2950?
True
Is 405 a multiple of 5?
True
Is 1330 a multiple of 14?
True
Is 7 a factor of 3930?
False
Is 2592 a multiple of 48?
True
Is 10 a factor of 3732?
False
Is 406 a multiple of 26?
False
Is 1647 a multiple of 25?
False
Is 185 a factor of 28490?
True
Does 11 divide 801?
False
Is 4806 a multiple of 12?
False
Is 1050 a multiple of 25?
True
Is 23047 a multiple of 159?
False
Is 5605 a multiple of 11?
False
Is 5 a factor of 523?
False
Does 16 divide 112?
True
Does 148 divide 51120?
False
Is 28 a factor of 664?
False
Is 64 a factor of 1421?
False
Is 15 a factor of 3165?
True
Is 120 a factor of 69174?
False
Is 63 a factor of 5733?
True
Is 951 a multiple of 5?
False
Is 101 a multiple of 9?
False
Is 52 a factor of 1489?
False
Is 8667 a multiple of 41?
False
Is 3220 a multiple of 33?
False
Does 154 divide 10934?
True
Is 21 a factor of 3604?
False
Is 1027 a multiple of 16?
False
Does 5 divide 220?
True
Is 26 a multiple of 16?
False
Is 90 a factor of 25740?
True
Is 4464 a multiple of 48?
True
Does 35 divide 2932?
False
Does 22 divide 814?
True
Is 372 a multiple of 12?
True
Is 69 a factor of 552?
True
Does 93 divide 11532?
True
Is 4504 even?
True
Is 42267 a multiple of 8?
False
Is 5593 a multiple of 5?
False
Does 5 divide 1973?
False
Does 34 divide 14886?
False
Does 31 divide 13020?
True
Is 20 a factor of 1180?
True
Does 129 divide 1475?
False
Is 412 a multiple of 103?
True
Does 20 divide 3360?
True
Is 4836 a multiple of 186?
True
Is 27014 a multiple of 26?
True
Is 26460 a multiple of 210?
True
Does 13 divide 55705?
True
Is 16 a factor of 34208?
True
Is 10 a factor of 1942?
False
Does 10 divide 760?
True
Does 16 divide 2993?
False
Does 14 divide 120615?
False
Is 31 a factor of 430?
False
Does 4 divide 2156?
True
Does 73 divide 45844?
True
Is 158 a factor of 70096?
False
Is 189 a multiple of 11?
False
Does 4 divide 296?
True
Is 25 a factor of 1250?
True
Is 36 a factor of 4557?
False
Is 162 a multiple of 18?
True
Is 10 a factor of 10?
True
Is 135 a factor of 36045?
True
Is 40052 a multiple of 124?
True
Does 15 divide 906?
False
Is 23 a factor of 436?
False
Is 25 a factor of 3975?
True
Does 68 divide 11101?
False
Is 2045 a multiple of 18?
False
Does 8 divide 163?
False
Is 11 a factor of 749?
False
Is 51 a factor of 597?
False
Does 90 divide 7570?
False
Does 79 divide 10999?
False
Is 5 a factor of 20459?
False
Is 33348 a multiple of 137?
False
Is 627 a multiple of 11?
True
Does 187 divide 2998?
False
Does 21 divide 1407?
True
Is 12 a factor of 1139?
False
Is 1061 a multiple of 23?
False
Is 3 a factor of 1472?
False
Is 17 a factor of 2431?
True
Is 8 a factor of 122?
False
Is 99 a multiple of 3?
True
Does 6 divide 2234?
False
Does 5 divide 483?
False
Is 7 a factor of 786?
False
Does 24 divide 2256?
True
Is 29 a factor of 1331?
False
Is 9 a factor of 5282?
False
Is 230 a multiple of 10?
True
Is 25 a factor of 1247?
False
Is 1812 a multiple of 37?
False
Is 16 a factor of 26749?
False
Is 19635 a multiple of 51?
True
Is 3523 a multiple of 78?
False
Does 53 divide 742?
True
Does 55 divide 27720?
True
Is 24 a factor of 96?
True
Is 26383 a multiple of 13?
False
Is 14 a factor of 1064?
True
Is 462 a multiple of 42?
True
Is 4590 a multiple of 85?
True
Is 3288 a multiple of 24?
True
Is 315 a factor of 70560?
True
Is 158 a factor of 866?
False
Is 84 a multiple of 11?
False
Is 4568 a multiple of 6?
False
Is 9623 a multiple of 38?
False
Does 5 divide 204?
False
Is 12561 a multiple of 16?
False
Does 72 divide 6336?
True
Is 474 a multiple of 79?
True
Does 3 divide 105?
True
Is 3 a factor of 72?
True
Does 29 divide 16907?
True
Is 8 a factor of 9409?
False
Is 1566 a multiple of 54?
True
Does 200 divide 54800?
True
Is 61390 a multiple of 14?
True
Is 1644 a multiple of 4?
True
Is 422 a multiple of 3?
False
Does 35 divide 1785?
True
Is 13 a factor of 67067?
True
Does 6 divide 3702?
True
Does 16 divide 865?
False
Is 1334 a multiple of 106?
False
Does 12 divide 184?
False
Does 10 divide 430?
True
Is 13968 a multiple of 16?
True
Is 9593 a multiple of 15?
False
Does 69 divide 12144?
True
Is 39 a factor of 5477?
False
Does 11 divide 5698?
True
Does 5 divide 48495?
True
Does 14 divide 818?
False
Is 741 even?
False
Is 489 a multiple of 26?
False
Is 25 a factor of 1350?
True
Is 72 a factor of 28000?
False
Is 5 a factor of 7785?
True
Is 6094 a multiple of 11?
True
Is 15 a factor of 285?
True
Does 18 divide 67?
False
Is 62 a factor of 496?
True
Does 3 divide 297?
True
Is 2189 a multiple of 4?
False
Is 19380 a multiple of 95?
True
Does 115 divide 6734?
False
Does 54 divide 6507?
False
Is 19792 a multiple of 3?
False
Is 6255 a multiple of 73?
False
Is 8262 a multiple of 9?
True
Is 8548 a multiple of 118?
False
Is 8 a factor of 12456?
True
Is 25 a factor of 37531?
False
Is 4 a factor of 2296?
True
Does 89 divide 30296?
False
Does 13 divide 2475?
False
Is 17 a factor of 1331?
False
Does 21 divide 4374?
False
Is 3843 a multiple of 7?
True
Is 3720 a multiple of 31?
True
Does 14 divide 2151?
False
Is 22 a factor of 66?
True
Does 14 divide 42?
True
Does 14 divide 228?
False
Is 70 a factor of 29857?
False
Is 45 a factor of 2507?
False
Does 7 divide 21?
True
Does 5 divide 1885?
True
Does 51 divide 24225?
True
Does 19 divide 3285?
False
Is 62529 a multiple of 107?
False
Is 1804 a multiple of 44?
True
Is 5848 a multiple of 34?
True
Is 10 a factor of 96?
False
Does 7 divide 4452?
True
Is 38 a factor of 473?
False
Does 16 divide 1072?
True
Is 7020 a multiple of 30?
True
Is 151 a multiple of 4?
False
Does 2 divide 107?
False
Is 7 a factor of 6153?
True
Is 5 a factor of 1126?
False
Is 34 a factor of 37842?
True
Is 693 a multiple of 7?
True
Does 21 divide 819?
True
Is 9 a factor of 134?
False
Does 29 divide 15693?
False
Does 31 divide 93?
True
Is 20 a factor of 27980?
True
Is 8 a factor of 2560?
True
Is 50 a factor of 34769?
False
Does 77 divide 6022?
False
Is 3393 a multiple of 29?
True
Does 10 divide 20007?
False
Is 27 a factor of 3958?
False
Is 270 a factor of 9092?
False
Is 20593 a multiple of 43?
False
Is 624 a multiple of 13?
True
Does 17 divide 3859?
True
Is 107 a factor of 12473?
False
Is 605 a multiple of 31?
False
Is 26 a factor of 3038?
False
Is 469 a multiple of 7?
True
Does 9 divide 4266?
True
Is 516 a multiple of 12?
True
Is 324 a multiple of 18?
True
Is 11 a factor of 1980?
True
Does 21 divide 17325?
True
Does 5 divide 2264?
False
Does 25 divide 2825?
True
Does 11 divide 25267?
True
Does 27 divide 3996?
True
Is 19 a factor of 1242?
False
Is 10 a factor of 22150?
True
Is 26976 a multiple of 96?
True
Does 11 divide 396?
True
Is 3716 a multiple of 12?
False
Is 1005 a multiple of 3?
True
Does 17 divide 102?
True
Is 1332 a multiple of 36?
True
Is 49251 a multiple of 29?
False
Is 69 a factor of 94088?
False
Is 5334 a multiple of 27?
False
Is 50 a factor of 450?
True
Does 12 divide 1046?
False
Is 23 a factor of 3358?
True
Does 3 divide 154?
False
Is 95 a factor of 25162?
False
Does 6 divide 31668?
True
Does 20 divide 30800?
True
Is 21 a factor of 480?
False
Is 12 a factor of 53688?
True
Does 34 divide 2260?
False
Is 12 a factor of 2136?
True
Is 532 a multiple of 19?
True
Does 31 divide 53090?
False
Is 2421 a multiple of 22?
False
Is 34 a factor of 4692?
True
Does 93 divide 32930?
False
Is 44540 a multiple of 34?
Tru